0 = 4*b - 6*q + 2*q - 68. Suppose b = 5*a - 4*m - 86, 4 = 2*m. Is a a prime number?
False
Let r(t) = t**3 - 5*t**2 + 4*t - 2. Let v be r(6). Let u = -33 + v. Is u composite?
True
Let z(s) be the third derivative of -s**6/120 + 11*s**5/60 - s**4/4 + s**3/6 + s**2. Is z(6) a prime number?
False
Let l = -831 - -1424. Is l composite?
False
Suppose 166 = m - 831. Is m a prime number?
True
Suppose -5*t = -0*t - 10. Suppose -w = -t*w + 595. Suppose w = 9*b - 4*b. Is b prime?
False
Let n(b) = -14*b + 3. Suppose -4*t = -9*t - 2*p, -2*t = -3*p. Let k be (-4)/(2/2 + t). Is n(k) composite?
False
Suppose 5*o - 2035 = -5*p, -o + 4*o - 1221 = 3*p. Is o a composite number?
True
Suppose n = 2*n. Suppose 2*l - 27 - 15 = n. Is l a composite number?
True
Suppose 0 = -3*r - 6, -5*p + r + 41 = -2*r. Let o = -4 + 50. Is p/(7/o) + 3 a composite number?
True
Let c(v) = -v**2 + v - 3. Let p be c(0). Let x be 206/(2 - 2/2). Let w = x - p. Is w composite?
True
Let k = 18 - 83. Let p = k - -98. Is p composite?
True
Let i(n) = -2*n**3 - 5*n**2 - 2*n - 6. Let p = 4 + -9. Is i(p) a composite number?
True
Suppose -1 + 2 = v. Is (47 - (v - 0))/1 composite?
True
Let t be (0 - 1)*(-2 - 1). Let u be ((-1)/t)/(3/(-27)). Suppose u*s = -s + 796. Is s a composite number?
False
Let x be (2 - 4 - -4)/1. Let m be (0 - -2 - x)/2. Suppose m = 3*r - 0*h + 5*h - 91, -2*r = -2*h - 34. Is r prime?
False
Suppose 0 = 3*l - 101 - 238. Suppose -3*j + j + 5*r = -l, 2*j - 4*r - 114 = 0. Is j a prime number?
True
Let z(p) = -p**3 - p + 79. Is z(0) a composite number?
False
Let g = 1961 - 1210. Is g a prime number?
True
Let c(t) be the first derivative of t**4/4 + 2*t**3/3 + t**2 - 2*t + 2. Is c(3) a prime number?
False
Suppose 5*h + 4*y = -1085, 5*h - h = 2*y - 868. Is (2/(-1) + 1)*h prime?
False
Let n be (4 + -1)/9*12. Let h = 7 - n. Suppose h*j + 28 = 187. Is j composite?
False
Suppose 0 = 5*n - 1694 - 2841. Is n prime?
True
Suppose -8*n - 2335 + 6855 = 0. Is n prime?
False
Let p = 216 + -130. Suppose 5*m - p - 159 = 0. Is m prime?
False
Let g(x) = -x**3 + 13*x**2 + 5*x - 19. Is g(8) a composite number?
True
Suppose 5*a + 5*g - 3*g = 8, 2 = -2*g. Suppose -3 = -a*x + 13. Is (14/8)/(1/x) a composite number?
True
Let p(u) = -7*u**2 + u. Let k(i) = 3*i**2. Let h be (-43)/(-9) - 2/(-9). Let o(a) = h*k(a) + 2*p(a). Is o(-5) a composite number?
True
Suppose -5 = w, 2*p + w = 6*p - 17. Suppose -p*b = b - 148. Is b composite?
False
Suppose t - 4*t - 5*w = -16, -2 = t - 2*w. Suppose -3*n = -2*n - t. Suppose n*b - 17 + 3 = 0. Is b prime?
True
Is (-3 - -6) + (-1 - 2) - -1061 composite?
False
Suppose 2*p + 23 - 115 = 0. Is p a composite number?
True
Let u = 23 + -21. Suppose 0*h - 4 = -h. Is -2 + u/h*26 a prime number?
True
Let f(k) = 3*k**3 - 34*k**2 - 15*k - 6. Let d(o) = o**3 - 17*o**2 - 8*o - 3. Let q(y) = -5*d(y) + 2*f(y). Is q(-15) composite?
True
Let f(k) = k**3 + 2*k**2 - 6*k - 7. Let n be f(-5). Suppose -105 = -0*g - g. Let l = n + g. Is l composite?
False
Let m(s) = -5*s - 13*s + 1 - 18*s. Let r be m(3). Is (-6)/21 + r/(-7) prime?
False
Let v(r) = -44*r**3 - r**2 + 1. Let k be v(-1). Is -11*(k/2)/(-2) a prime number?
False
Let n(k) = -5*k + 7. Let i be 2/9 - 83/9. Let l = i - -3. Is n(l) a composite number?
False
Suppose l - 4*l = 0. Let m be 2 - (-2)/1 - l. Suppose -3*y + 5 = -m. Is y composite?
False
Let c = -3 + 5. Suppose -i = c*i - 555. Is i a composite number?
True
Is (8/(-6))/(12/(-414)) a composite number?
True
Let i = 2670 - 1499. Is i a composite number?
False
Suppose -3*y + y + 740 = 0. Suppose 0 = 5*l - y - 155. Suppose d = 0, 3*b + 0*d = -2*d + l. Is b composite?
True
Suppose 3*x = 5*r - 517, 2*r = 7*r - x - 509. Let j = -48 + r. Is j a composite number?
False
Suppose 2*z + 3*a = z - 6, -2*a = -z - 1. Let t be 0/((-6)/(1*z)). Let p = 7 + t. Is p a prime number?
True
Suppose 2*u - 9 - 1 = 0. Suppose 3*m - u*y - 762 = 0, 0 = 5*m + 5*y + 69 - 1379. Is m prime?
False
Let x be (4/(-5))/(4/(-830)). Suppose 3*q - 415 = -x. Is q composite?
False
Suppose -3*j = j + 420. Let t = 182 + j. Is t prime?
False
Let w(c) = 78*c**3 + 2*c**2 - 1. Is w(1) a composite number?
False
Is 31/(-2)*2/(-1) prime?
True
Let h be (6/(-4))/(6/32). Let t be (-212)/(-16) - (-2)/h. Suppose 2*g - t - 50 = -5*v, 36 = g + v. Is g a prime number?
False
Is 91 + (-4 - 0 - 0) a prime number?
False
Is (-37)/(-1) - (-6 - -6) composite?
False
Suppose 0 = -2*q - 5*p - 15, -4*p - 15 = -3. Suppose k + 3*k - 332 = q. Is k composite?
False
Let m = -215 - -429. Is m a prime number?
False
Let o be (1 - 0) + 164 + -2. Suppose 2*k - o = -3*k - d, -167 = -5*k + d. Is k prime?
False
Let i(l) = 6*l**2 + 10*l - 3. Is i(-7) a composite number?
True
Let h = -2 - -7. Suppose -4*k = -5*l + 350, -l - h*k + 70 = -0*l. Suppose -3*r = -r - l. Is r prime?
False
Let w(r) = r**2 - 3*r + r**2 - 6*r**3 + 5*r**3 + 1. Is w(-5) prime?
True
Let o = -160 + 479. Is o prime?
False
Suppose 0*v - 6378 = -3*v - 3*n, -3*n = 2*v - 4251. Is v a prime number?
False
Is 276/(-30)*(-6 + 1) composite?
True
Suppose -5*s + 1047 = 4*m, 2*s + s + 266 = m. Suppose 0*w = w - m. Is w a composite number?
False
Let b = -1 - -7. Suppose -b = j + 4. Is ((-220)/25)/(4/j) prime?
False
Let z be (-40)/(-5)*(-2)/(-4). Suppose 4*i + 4*h = 32, i + 3*h - z = 12. Suppose 4*x - 140 = i*r, -r = 3*x + 2*r - 117. Is x prime?
True
Suppose -10*a + 3591 - 331 = 0. Is a a prime number?
False
Let j = 290 + -120. Suppose 4*u + j = 2*a, 2*u = -3*a - 0*u + 231. Is a a composite number?
False
Suppose 14 = 2*w - 3*a, 4*w - w = -5*a + 2. Let f = 9 - 7. Suppose -f*t = -w*d + t + 131, -t - 67 = -2*d. Is d prime?
False
Let j(z) = 79*z**2 - 3*z + 6*z - z - 14*z**2 + 3. Is j(-2) a composite number?
True
Let p(b) = -30*b - 1. Is p(-2) a composite number?
False
Suppose 0 = -4*b + 2*x - 10, 2*b - 3*x = b - 10. Is 5/(-4)*(b - 115) a composite number?
True
Let z(w) be the third derivative of -w**4/12 - 3*w**3/2 - 3*w**2. Let v be z(-6). Is 11 + -1*v + 2 prime?
False
Suppose 5*j - 5 = 5. Let h be 4 - (j - 4)*-1. Suppose -3*r + h*l = 2*r - 165, 3*r - 2*l - 95 = 0. Is r a composite number?
True
Suppose 0 = 2*u + 4*p - 1 + 3, -2*p = -8. Let r = u - -13. Suppose -o + 70 = r*o. Is o composite?
True
Let o(x) = -2 + 3*x - x**2 + 15*x**2 - x. Let r be o(2). Let y = r + -21. Is y a prime number?
True
Suppose 0 = -2*l - 2 + 12. Let u(p) = p**3 - 6*p**2 + 7*p - 4. Let h be u(l). Suppose -h*w + 175 = -w. Is w composite?
True
Let s = 6 - 10. Is (-219)/(-4) + s/(-16) a prime number?
False
Suppose r - 2*r = -2*m - 278, -4*r - 4*m = -1052. Suppose -2*o + r = 2*o. Is o composite?
False
Suppose 996 + 119 = -2*h + s, -3*h + 2*s = 1674. Is (-25)/(-10)*h/(-10) a composite number?
False
Let h be (-81)/18*(-440)/(-6). Let k = h - -547. Is k a composite number?
True
Let s = -35 - -88. Let p = -20 + s. Is p composite?
True
Let l(i) = 532*i + 3. Is l(2) prime?
False
Let f(h) = 19*h**2 + 7*h + 25. Is f(-7) a prime number?
True
Suppose 2*i = -3*i - 3*c + 13, -3*i + 11 = c. Is i/(18/(-21) + 1) composite?
True
Let k(o) = -o**3 - o**2 - 1. Let s(c) = c**3 + 6*c**2 - 4*c + 1. Let p(b) = -2*k(b) - s(b). Is p(6) a prime number?
True
Let z be (-4)/14 - 216/(-21). Suppose 4*w + z = -w. Let r(t) = 5*t**2 + t + 1. Is r(w) a prime number?
True
Suppose -5*c = -2*l - 29, 5*l + 25 + 61 = -c. Let u = 52 + l. Is u composite?
True
Let o(r) be the second derivative of -31*r**5/120 + 5*r**4/24 - r**3/2 - 3*r. Let b(s) be the second derivative of o(s). Is b(-6) prime?
True
Suppose 4*m - g - g - 6626 = 0, -3319 = -2*m - 5*g. Is m composite?
False
Let i(o) = -o**3 - 7*o**2 + o - 10. Suppose 2*m + 7 = m. Let v be i(m). Is (v/2 - -2)*-2 a prime number?
True
Let r(n) = n**2 - 4*n - 13. Is r(12) prime?
True
Suppose -g - 252 = g. Is (2 - 1) + g/(-3) composite?
False
Suppose 6 = v - 0*w + 2*w, 0 = 3*v - 3*w - 9. Let y be -2 + -1 - (-2 - v). Suppose 0 = 3*x + 2*x + 15, 2*x - 789 = -y*q. Is q a prime number?
False
Suppose 5 = 4*m - 3. Suppose 0*q + 68 = m*q. Is q a prime number?
False
Let h = -3 - -7. Suppose 0 = -v - 2*r + 60, -4*r = h*v - 2*r - 246. Is v*(-2)/(-3 + -1) composite?
False
Suppose -1398 - 1897 = -5*i. Suppose -3*k - 6 = 0, -i = -5*t - 0*k + 2*k. Is t prime?
True
Suppose 0 = 5*u + n - 1986, 3*u + 7*n = 3*n + 1195. Is u prime?
True
Suppose t - 2*g + 12 = 0, 3